What is the hundreds digit of 386?
3
What is the hundreds digit of 5975?
9
What is the hundreds digit of 4333?
3
What is the hundreds digit of 2781?
7
What is the thousands digit of 1040?
1
What is the tens digit of 1484?
8
What is the units digit of 3828?
8
What is the tens digit of 78612?
1
What is the tens digit of 2591?
9
What is the units digit of 62217?
7
What is the ten thousands digit of 62595?
6
What is the tens digit of 487?
8
What is the hundreds digit of 2720?
7
What is the ten thousands digit of 76310?
7
What is the hundred thousands digit of 161014?
1
What is the thousands digit of 6322?
6
What is the tens digit of 34231?
3
What is the tens digit of 6398?
9
What is the units digit of 939?
9
What is the ten thousands digit of 48989?
4
What is the hundreds digit of 8397?
3
What is the thousands digit of 5127?
5
What is the hundreds digit of 1112?
1
What is the units digit of 970?
0
What is the tens digit of 1416?
1
What is the tens digit of 21396?
9
What is the tens digit of 294?
9
What is the units digit of 17091?
1
What is the ten thousands digit of 46614?
4
What is the thousands digit of 1708?
1
What is the hundreds digit of 416?
4
What is the hundreds digit of 2655?
6
What is the hundreds digit of 10435?
4
What is the tens digit of 1275?
7
What is the thousands digit of 1879?
1
What is the tens digit of 372?
7
What is the tens digit of 64083?
8
What is the tens digit of 758?
5
What is the hundreds digit of 11057?
0
What is the thousands digit of 131918?
1
What is the units digit of 971?
1
What is the thousands digit of 1309?
1
What is the hundreds digit of 22401?
4
What is the hundreds digit of 118671?
6
What is the tens digit of 190352?
5
What is the units digit of 3461?
1
What is the units digit of 4249?
9
What is the units digit of 12174?
4
What is the thousands digit of 4828?
4
What is the ten thousands digit of 42472?
4
What is the hundreds digit of 970?
9
What is the ten thousands digit of 162355?
6
What is the thousands digit of 5913?
5
What is the hundreds digit of 21910?
9
What is the thousands digit of 1074?
1
What is the thousands digit of 6891?
6
What is the tens digit of 5590?
9
What is the hundred thousands digit of 110595?
1
What is the tens digit of 42494?
9
What is the hundreds digit of 794?
7
What is the tens digit of 55837?
3
What is the thousands digit of 1188?
1
What is the hundreds digit of 2004?
0
What is the units digit of 72408?
8
What is the units digit of 1571?
1
What is the tens digit of 1229?
2
What is the hundreds digit of 198?
1
What is the thousands digit of 10157?
0
What is the tens digit of 7015?
1
What is the hundreds digit of 13012?
0
What is the thousands digit of 40237?
0
What is the tens digit of 65314?
1
What is the units digit of 5479?
9
What is the tens digit of 121242?
4
What is the thousands digit of 22190?
2
What is the tens digit of 920?
2
What is the ten thousands digit of 149051?
4
What is the units digit of 11282?
2
What is the hundreds digit of 3896?
8
What is the tens digit of 4631?
3
What is the tens digit of 10537?
3
What is the tens digit of 5350?
5
What is the hundreds digit of 662?
6
What is the tens digit of 15?
1
What is the ten thousands digit of 33605?
3
What is the thousands digit of 10887?
0
What is the ten thousands digit of 44866?
4
What is the thousands digit of 2399?
2
What is the thousands digit of 105390?
5
What is the tens digit of 7371?
7
What is the thousands digit of 37663?
7
What is the units digit of 3686?
6
What is the tens digit of 345?
4
What is the hundreds digit of 1770?
7
What is the hundreds digit of 579?
5
What is the units digit of 18928?
8
What is the units digit of 363?
3
What is the hundreds digit of 1878?
8
What is the units digit of 1565?
5
What is the units digit of 996?
6
What is the hundreds digit of 486?
4
What is the tens digit of 11035?
3
What is the units digit of 85926?
6
What is the thousands digit of 4118?
4
What is the units digit of 56949?
9
What is the units digit of 4764?
4
What is the hundreds digit of 476?
4
What is the units digit of 947?
7
What is the units digit of 498?
8
What is the ten thousands digit of 19471?
1
What is the tens digit of 131?
3
What is the hundred thousands digit of 168566?
1
What is the thousands digit of 13144?
3
What is the units digit of 4051?
1
What is the hundreds digit of 42123?
1
What is the ten thousands digit of 11407?
1
What is the units digit of 426?
6
What is the units digit of 2739?
9
What is the tens digit of 346?
4
What is the ten thousands digit of 10747?
1
What is the tens digit of 4151?
5
What is the units digit of 6225?
5
What is the tens digit of 3121?
2
What is the thousands digit of 2218?
2
What is the hundreds digit of 11006?
0
What is the units digit of 6902?
2
What is the thousands digit of 40813?
0
What is the ten thousands digit of 130089?
3
What is the units digit of 1113?
3
What is the hundreds digit of 67250?
2
What is the hundreds digit of 2474?
4
What is the units digit of 7072?
2
What is the thousands digit of 52685?
2
What is the units digit of 29624?
4
What is the thousands digit of 34116?
4
What is the tens digit of 1415?
1
What is the thousands digit of 51160?
1
What is the units digit of 3488?
8
What is the hundreds digit of 31889?
8
What is the thousands digit of 21411?
1
What is the ten thousands digit of 33476?
3
What is the tens digit of 4369?
6
What is the units digit of 4?
4
What is the ten thousands digit of 20837?
2
What is the tens digit of 1436?
3
What is the units digit of 3732?
2
What is the hundreds digit of 11301?
3
What is the tens digit of 49?
4
What is the hundreds digit of 9613?
6
What is the units digit of 44358?
8
What is the tens digit of 4839?
3
What is the units digit of 75861?
1
What is the units digit of 31000?
0
What is the tens digit of 283?
8
What is the thousands digit of 2203?
2
What is the tens digit of 606?
0
What is the thousands digit of 2792?
2
What is the tens digit of 2535?
3
What is the units digit of 1695?
5
What is the units digit of 4075?
5
What is the units digit of 26422?
2
What is the units digit of 1017?
7
What is the tens digit of 19725?
2
What is the tens digit of 35211?
1
What is the thousands digit of 3991?
3
What is the tens digit of 1187?
8
What is the hundreds digit of 546?
5
What is the units digit of 665?
5
What is the tens digit of 67189?
8
What is the thousands digit of 1488?
1
What is the tens digit of 11774?
7
What is the thousands digit of 14337?
4
What is the hundreds digit of 1743?
7
What is the thousands digit of 18334?
8
What is the thousands digit of 2468?
2
What is the hundreds digit of 3388?
3
What is the tens digit of 33964?
6
What is the tens digit of 7516?
1
What is the tens digit of 7722?
2
What is the hundreds digit of 905?
9
What is the hundreds digit of 4632?
6
What is the hundreds digit of 3830?
8
What is the units digit of 147753?
3
What is the units digit of 62?
2
What is the tens digit of 12603?
0
What is the units digit of 477?
7
What is the units digit of 64668?
8
What is the tens digit of 504?
0
What is the units digit of 861?
1
What is the units digit of 211?
1
What is the tens digit of 161?
6
What is the hundreds digit of 898?
8
What is the units digit of 362?
2
What is the hundreds digit of 1407?
4
What is the tens digit of 5301?
0
What is the ten thousands digit of 94101?
9
What is the ten thousands digit of 93082?
9
What is the hundreds digit of 936?
9
What is the tens digit of 4234?
3
What is the units digit of 6092?
2
What is the hundreds digit of 1716?
7
What is the hundreds digit of 10305?
3
What is the thousands digit of 1795?
1
What is the thousands digit of 2395?
2
What is the tens digit of 29243?
4
What is the ten thousands digit of 23157?
2
What is the tens digit of 537?
3
What is the hundreds digit of 1903?
9
What is the ten thousands digit of 12999?
1
What is the tens digit of 13869?
6
What is the ten thousands digit of 15734?
1
What is the tens digit of 111788?
8
What is the units digit of 6918?
8
What is the thousands digit of 35443?
5
What is the thousands digit of 2767?
2
What is the units digit of 2256?
6
What is the units digit of 15995?
5
What is the tens digit of 4995?
9
What is the tens digit of 4144?
4
What is the units digit of 45854?
4
What is the units 